{"id":2,"date":"2010-01-18T00:00:54","date_gmt":"2010-01-18T00:00:54","guid":{"rendered":"http:\/\/www.sqlserver.fr\/blog\/?page_id=2"},"modified":"2019-05-04T19:47:47","modified_gmt":"2019-05-04T17:47:47","slug":"qui_suis-je","status":"publish","type":"page","link":"https:\/\/www.sqlserver.fr\/blog\/qui_suis-je\/","title":{"rendered":"Qui suis-je ?"},"content":{"rendered":"<p>Qui suis-je ? Et bien je suis moi ! Mais encore ?<\/p>\n<p>Je m\u2019appelle Jean-Nicolas BERGER et je travaille sur SQL Server depuis une vingtaine d\u2019ann\u00e9es environ. Au d\u00e9but, il s\u2019agissait de simples petits d\u00e9veloppements et de maintenance d\u2019applicatifs en place. Puis petit \u00e0 petit, j\u2019ai cherch\u00e9 \u00e0 exploiter au mieux les performances du moteur, et je continue aujourd\u2019hui \u00e0 chercher et \u00e0 creuser encore et encore, et j\u2019y prends r\u00e9ellement plaisir.<\/p>\n<p>Mes exp\u00e9riences et mon expertise s&rsquo;\u00e9tendent aussi autour de nombreux autres p\u00e9rim\u00e8tres li\u00e9s \u00e0 la data (mod\u00e9lisation, NoSQL, Business Intelligence, &#8230;) et au cloud Azure.<\/p>\n<p>Actuellement, je travaille en soci\u00e9t\u00e9 de services au sein de Sogeti (groupe Capgemini).<\/p>\n<p><img loading=\"lazy\" decoding=\"async\" class=\"aligncenter wp-image-1405 size-full\" src=\"https:\/\/www.sqlserver.fr\/blog\/wp-content\/uploads\/2019\/05\/sogeti-logo.png\" alt=\"\" width=\"354\" height=\"183\" srcset=\"https:\/\/www.sqlserver.fr\/blog\/wp-content\/uploads\/2019\/05\/sogeti-logo.png 354w, https:\/\/www.sqlserver.fr\/blog\/wp-content\/uploads\/2019\/05\/sogeti-logo-300x155.png 300w\" sizes=\"auto, (max-width: 354px) 100vw, 354px\" \/><\/p>\n<p>Je suis amen\u00e9 \u00e0 intervenir \u00e0 la fois sur des phases de d\u00e9veloppement de gros projets et sur des missions ponctuelles d\u2019expertise et d\u2019optimisation.<\/p>\n<p style=\"text-align: left;\">Je suis aussi certifi\u00e9 \u00e0 des degr\u00e9s divers sur les diff\u00e9rents aspects de SQL Server (D\u00e9veloppement, Administration et BI).<\/p>\n<table style=\"height: 74px;\" border=\"0\">\n<tbody>\n<tr style=\"height: 37px;\">\n<td style=\"height: 37px; width: 306px;\"><img loading=\"lazy\" decoding=\"async\" class=\"aligncenter size-full wp-image-1403\" src=\"https:\/\/www.sqlserver.fr\/blog\/wp-content\/uploads\/2019\/05\/MCSA_2016.png\" alt=\"\" width=\"352\" height=\"352\" srcset=\"https:\/\/www.sqlserver.fr\/blog\/wp-content\/uploads\/2019\/05\/MCSA_2016.png 352w, https:\/\/www.sqlserver.fr\/blog\/wp-content\/uploads\/2019\/05\/MCSA_2016-150x150.png 150w, https:\/\/www.sqlserver.fr\/blog\/wp-content\/uploads\/2019\/05\/MCSA_2016-300x300.png 300w\" sizes=\"auto, (max-width: 352px) 100vw, 352px\" \/><\/td>\n<td style=\"height: 37px; width: 306px;\"><img loading=\"lazy\" decoding=\"async\" class=\"aligncenter size-full wp-image-1404\" src=\"https:\/\/www.sqlserver.fr\/blog\/wp-content\/uploads\/2019\/05\/MCSE_2016.png\" alt=\"\" width=\"352\" height=\"352\" srcset=\"https:\/\/www.sqlserver.fr\/blog\/wp-content\/uploads\/2019\/05\/MCSE_2016.png 352w, https:\/\/www.sqlserver.fr\/blog\/wp-content\/uploads\/2019\/05\/MCSE_2016-150x150.png 150w, https:\/\/www.sqlserver.fr\/blog\/wp-content\/uploads\/2019\/05\/MCSE_2016-300x300.png 300w\" sizes=\"auto, (max-width: 352px) 100vw, 352px\" \/><\/td>\n<\/tr>\n<\/tbody>\n<\/table>\n<p>Je fais aussi partie du programme Microsoft P-Sellers sur le domaine Data Insight, communaut\u00e9 d&rsquo;experts adressant d\u00e8s l&rsquo;avant-vente des dossiers en partenariat avec Microsoft.<\/p>\n<p>Enfin, je fais partie des DotNetRangers, communaut\u00e9 d&rsquo;experts sur Azure et .Net.<\/p>\n<p><img loading=\"lazy\" decoding=\"async\" class=\"aligncenter wp-image-1406 size-large\" src=\"https:\/\/www.sqlserver.fr\/blog\/wp-content\/uploads\/2019\/05\/rangers-620x167.png\" alt=\"\" width=\"620\" height=\"167\" srcset=\"https:\/\/www.sqlserver.fr\/blog\/wp-content\/uploads\/2019\/05\/rangers-620x167.png 620w, https:\/\/www.sqlserver.fr\/blog\/wp-content\/uploads\/2019\/05\/rangers-300x81.png 300w, https:\/\/www.sqlserver.fr\/blog\/wp-content\/uploads\/2019\/05\/rangers-768x207.png 768w, https:\/\/www.sqlserver.fr\/blog\/wp-content\/uploads\/2019\/05\/rangers-624x168.png 624w, https:\/\/www.sqlserver.fr\/blog\/wp-content\/uploads\/2019\/05\/rangers.png 776w\" sizes=\"auto, (max-width: 620px) 100vw, 620px\" \/><\/p>\n<p>Je pr\u00e9sente dans ce blog \u00e0 la fois des articles abordant des th\u00e8mes techniques vari\u00e9s et une bo\u00eete \u00e0 outils pleine de petit scripts utiles aux administrateurs de bases de donn\u00e9es.<\/p>\n<p>N\u2019h\u00e9sitez pas \u00e0 m\u2019envoyer un petit message si vous avez besoin d\u2019aide ou si vous souhaitez que j&rsquo;aborde un point pr\u00e9cis qui vous int\u00e9resserait.<\/p>\n<p><a href=\"mailto:jnberger@sqlserver.fr\">jnberger@sqlserver.fr<\/a><\/p>\n","protected":false},"excerpt":{"rendered":"<p>Qui suis-je ? Et bien je suis moi ! Mais encore ? Je m\u2019appelle Jean-Nicolas BERGER et je travaille sur SQL Server depuis une vingtaine d\u2019ann\u00e9es environ. Au d\u00e9but, il s\u2019agissait de simples petits d\u00e9veloppements et de maintenance d\u2019applicatifs en &hellip; <a href=\"https:\/\/www.sqlserver.fr\/blog\/qui_suis-je\/\">Continuer la lecture <span class=\"meta-nav\">&rarr;<\/span><\/a><\/p>\n","protected":false},"author":7,"featured_media":0,"parent":0,"menu_order":0,"comment_status":"closed","ping_status":"closed","template":"","meta":{"footnotes":""},"class_list":["post-2","page","type-page","status-publish","hentry"],"_links":{"self":[{"href":"https:\/\/www.sqlserver.fr\/blog\/wp-json\/wp\/v2\/pages\/2","targetHints":{"allow":["GET"]}}],"collection":[{"href":"https:\/\/www.sqlserver.fr\/blog\/wp-json\/wp\/v2\/pages"}],"about":[{"href":"https:\/\/www.sqlserver.fr\/blog\/wp-json\/wp\/v2\/types\/page"}],"author":[{"embeddable":true,"href":"https:\/\/www.sqlserver.fr\/blog\/wp-json\/wp\/v2\/users\/7"}],"replies":[{"embeddable":true,"href":"https:\/\/www.sqlserver.fr\/blog\/wp-json\/wp\/v2\/comments?post=2"}],"version-history":[{"count":19,"href":"https:\/\/www.sqlserver.fr\/blog\/wp-json\/wp\/v2\/pages\/2\/revisions"}],"predecessor-version":[{"id":1408,"href":"https:\/\/www.sqlserver.fr\/blog\/wp-json\/wp\/v2\/pages\/2\/revisions\/1408"}],"wp:attachment":[{"href":"https:\/\/www.sqlserver.fr\/blog\/wp-json\/wp\/v2\/media?parent=2"}],"curies":[{"name":"wp","href":"https:\/\/api.w.org\/{rel}","templated":true}]}}